{"id":54960,"date":"2024-06-05T11:08:59","date_gmt":"2024-06-05T15:08:59","guid":{"rendered":"http:\/\/4m.cl\/?page_id=54960"},"modified":"2024-06-11T11:23:15","modified_gmt":"2024-06-11T15:23:15","slug":"stands","status":"publish","type":"page","link":"https:\/\/4m.cl\/?page_id=54960","title":{"rendered":"STANDS"},"content":{"rendered":"\n<div class=\"wp-block-kadence-rowlayout alignnone\"><div id=\"kt-layout-id_cc54ee-79\" class=\"kt-row-layout-inner  kt-layout-id_cc54ee-79\"><div class=\"kt-row-column-wrap kt-has-2-columns kt-gutter-default kt-v-gutter-default kt-row-valign-top kt-row-layout-right-golden kt-tab-layout-inherit kt-m-colapse-left-to-right kt-mobile-layout-row\">\n<div class=\"wp-block-kadence-column inner-column-1 kadence-column_00c797-6d\"><div class=\"kt-inside-inner-col\">\n<p class=\"has-normal-font-size\"><h3 style=\"color:#ff5100; font-family: Helvetica; font-weight: 600; font-size: 30px !important; line-height: 34px; margin-bottom: 20px; margin-top: 0px;\">\u00bfQue es un Stand y como lograr que destaque?<\/h3>\n\t\t\t<p style=\"font-size: 18px; line-height: 24px; text-align: justify;\">El stand es un espacio que permite la identificaci\u00f3n de una marca y sus productos o servicios; de all\u00ed que es una opci\u00f3n inmejorable para darse a conocer en las ferias, exposiciones y cualquier otro evento que cuente con presencia de p\u00fablico visitante.<\/p>\n\t\t\t<p style=\"font-size: 18px; line-height: 24px; text-align: justify;\">Adem\u00e1s de ser un espacio de exhibici\u00f3n, tambi\u00e9n es un lugar para realizar negociaciones y cerrara acuerdos de ventas.<\/p>\n\t\t\t<p style=\"font-size: 18px; line-height: 24px; text-align: justify; \">Si quieres que tu Stand sea efectivo es imprescindible que llame la atenci\u00f3n del p\u00fablico y que lo atraiga hacia \u00e9l. Es por esto que hay que definir una buena decoraci\u00f3n y elaborar un dise\u00f1o que destaque sobre lo que hay alrededor, sobre todo cuando son en ferias o eventos. Por este motivo es aconsejable contar con buenos profesionales para sacar el m\u00e1ximo provecho del espacio que se dispone, inversi\u00f3n de cliente y potenciar la marca.<\/p><\/p>\n<\/div><\/div>\n\n\n\n<div class=\"wp-block-kadence-column inner-column-2 kadence-column_51b7da-f6\"><div class=\"kt-inside-inner-col\"><style id=\"kt-blocks_3e8393-e6\" type=\"text\/css\">#kt-layout-id_3e8393-e6 > .kt-row-column-wrap {padding-top:0px;}<\/style>\n<div class=\"wp-block-kadence-rowlayout alignnone\"><div id=\"kt-layout-id_3e8393-e6\" class=\"kt-row-layout-inner  kt-layout-id_3e8393-e6\"><div class=\"kt-row-column-wrap kt-has-3-columns kt-gutter-default kt-v-gutter-default kt-row-valign-top kt-row-layout-equal kt-tab-layout-inherit kt-m-colapse-left-to-right kt-mobile-layout-row\">\n<div class=\"wp-block-kadence-column inner-column-1 kadence-column_aa12f6-1f\"><div class=\"kt-inside-inner-col\">\n<table cellpadding=\"0\" cellspacing=\"0\">\n\t\t\t<tbody><tr><td style=\"padding:0px;\"><a href=\"?page_id=3473\"><img decoding=\"async\" src=\"http:\/\/4m.cl\/wp\/wp-content\/uploads\/2023\/11\/Inmobiliarios-09.jpg\" alt=\"\" style=\"border:none;width:100%\"><\/a><\/td><\/tr>\n\t\t\t<tr><td style=\"background-color:#9eaab1;color:#fff;text-align:center; font-family:helvetica;\">EUCERIN<\/td><\/tr>\n\t\t<\/tbody><\/table>\n<\/div><\/div>\n\n\n\n<div class=\"wp-block-kadence-column inner-column-2 kadence-column_45d314-62\"><div class=\"kt-inside-inner-col\">\n<table cellpadding=\"0\" cellspacing=\"0\">\n\t\t\t<tbody><tr><td style=\"padding:0px;\"><a href=\"?page_id=3609\"><img decoding=\"async\" src=\"http:\/\/4m.cl\/wp\/wp-content\/uploads\/2023\/11\/Inmobiliarios-10.jpg\" alt=\"\" style=\"border:none;width:100%\"><\/a><\/td><\/tr>\n\t\t\t<tr><td style=\"background-color:#9eaab1;color:#fff;text-align:center;font-family:helvetica;\">KIMBERLY CLARK<\/td><\/tr>\n\t\t<\/tbody><\/table>\n<\/div><\/div>\n\n\n\n<div class=\"wp-block-kadence-column inner-column-3 kadence-column_92b11f-79\"><div class=\"kt-inside-inner-col\">\n<table cellpadding=\"0\" cellspacing=\"0\">\n\t\t\t\t\t\t\t\t\t\t\t\t\t\t\t<tbody><tr><td style=\"padding:0px;\"><a href=\"https:\/\/4m.cl\/?page_id=54992\"><img decoding=\"async\" src=\"http:\/\/4m.cl\/wp\/wp-content\/uploads\/2024\/06\/WhatsApp-Image-2024-05-31-at-10.42.31-4-1-e1717709389110.jpeg\" alt=\"\" style=\"border:none;width:100%\"><\/a><\/td><\/tr>\n\t\t\t\t\t\t\t\t\t<tr><td style=\"background-color:#9eaab1;color:#fff;text-align:center;font-family:helvetica;\">SOKOBOX<\/td><\/tr>\n\t\t\t\t\t\t\t\t<\/tbody><\/table>\n<\/div><\/div>\n<\/div><\/div><\/div>\n\n\n\n<div class=\"wp-block-kadence-rowlayout alignnone\"><div id=\"kt-layout-id_cbb3ed-26\" class=\"kt-row-layout-inner  kt-layout-id_cbb3ed-26\"><div class=\"kt-row-column-wrap kt-has-3-columns kt-gutter-default kt-v-gutter-default kt-row-valign-top kt-row-layout-equal kt-tab-layout-inherit kt-m-colapse-left-to-right kt-mobile-layout-row\">\n<div class=\"wp-block-kadence-column inner-column-1 kadence-column_a163fd-d4\"><div class=\"kt-inside-inner-col\">\n<table cellpadding=\"0\" cellspacing=\"0\">\n\t\t\t<tbody><tr><td style=\"padding:0px;\"><a href=\"https:\/\/4m.cl\/?page_id=55064\"><img decoding=\"async\" src=\"http:\/\/4m.cl\/wp\/wp-content\/uploads\/2024\/06\/5-e1717793512251.jpg\" alt=\"\" style=\"border:none;width:100%\"><\/a><\/td><\/tr>\n\t\t<tr><td style=\"background-color:#9eaab1; color:#fff; text-align:center; font-family:helvetica;\">GECORP<\/td><\/tr>\n\t<\/tbody><\/table>\n<\/div><\/div>\n\n\n\n<div class=\"wp-block-kadence-column inner-column-2 kadence-column_c12519-13\"><div class=\"kt-inside-inner-col\">\n<table cellpadding=\"0\" cellspacing=\"0\">\n\t\t\t<tbody><tr><td style=\"padding:0px;\"><a href=\"?page_id=3654\"><img decoding=\"async\" src=\"http:\/\/4m.cl\/wp\/wp-content\/uploads\/2023\/11\/MATERIAL-WEB-19.jpg\" alt=\"\" style=\"border:none;width:100%\"><\/a><\/td><\/tr>\n\t\t<tr><td style=\"background-color:#9eaab1;color:#fff;text-align:center;font-family:helvetica;\">VARIOS<\/td><\/tr>\n\t<\/tbody><\/table>\n<\/div><\/div>\n\n\n\n<div class=\"wp-block-kadence-column inner-column-3 kadence-column_759d0e-c1\"><div class=\"kt-inside-inner-col\"><\/div><\/div>\n<\/div><\/div><\/div>\n<\/div><\/div>\n<\/div><\/div><\/div>\n","protected":false},"excerpt":{"rendered":"","protected":false},"author":1,"featured_media":0,"parent":0,"menu_order":0,"comment_status":"closed","ping_status":"closed","template":"","meta":{"kt_blocks_editor_width":""},"_links":{"self":[{"href":"https:\/\/4m.cl\/index.php?rest_route=\/wp\/v2\/pages\/54960"}],"collection":[{"href":"https:\/\/4m.cl\/index.php?rest_route=\/wp\/v2\/pages"}],"about":[{"href":"https:\/\/4m.cl\/index.php?rest_route=\/wp\/v2\/types\/page"}],"author":[{"embeddable":true,"href":"https:\/\/4m.cl\/index.php?rest_route=\/wp\/v2\/users\/1"}],"replies":[{"embeddable":true,"href":"https:\/\/4m.cl\/index.php?rest_route=%2Fwp%2Fv2%2Fcomments&post=54960"}],"version-history":[{"count":21,"href":"https:\/\/4m.cl\/index.php?rest_route=\/wp\/v2\/pages\/54960\/revisions"}],"predecessor-version":[{"id":55097,"href":"https:\/\/4m.cl\/index.php?rest_route=\/wp\/v2\/pages\/54960\/revisions\/55097"}],"wp:attachment":[{"href":"https:\/\/4m.cl\/index.php?rest_route=%2Fwp%2Fv2%2Fmedia&parent=54960"}],"curies":[{"name":"wp","href":"https:\/\/api.w.org\/{rel}","templated":true}]}}